is 11113032002 - 3?
11113031333
In base 10, what is 5 - 19848080?
-19848075
In base 5, what is -310402 - 1134441?
-2000343
In base 13, what is 6b08b + 1a1?
6b25c
In base 2, what is 1010101011010 + -101101111?
1001111101011
In base 2, what is 100001000001101001011 - -101?
100001000001101010000
In base 5, what is -10 - -341140130?
341140120
In base 10, what is -20 + 1219?
1199
In base 7, what is 22 - 16440140?
-16440115
In base 7, what is 1 + -531433352?
-531433351
In base 10, what is -775025191 + 2?
-775025189
In base 6, what is -152 - -152133?
151541
In base 4, what is 110113 - -13020110?
13130223
In base 14, what is 3324d + 4b?
3329a
In base 12, what is 385 + 89564?
89929
In base 13, what is -5 + -2a7479b2?
-2a7479b7
In base 6, what is 20 - -1333114113?
1333114133
In base 16, what is -215a - 7de?
-2938
In base 2, what is 1011110010000100110100101 + 0?
1011110010000100110100101
In base 4, what is -203 + -10000031112?
-10000031321
In base 12, what is 4 - b32b7b?
-b32b77
In base 11, what is -3 - -21842679?
21842676
In base 12, what is 327295 + 3?
327298
In base 15, what is -485ebb - -3?
-485eb8
In base 3, what is -111 - 122000021?
-122000202
In base 10, what is -998 - 38298?
-39296
In base 3, what is 1221 + 11102221121?
11110000112
In base 15, what is eb54 - -e?
eb63
In base 4, what is 12 - 33300222023?
-33300222011
In base 15, what is -2 + 855767?
855765
In base 16, what is -78 - -83ce5e?
83cde6
In base 11, what is 5a90380 - -3?
5a90383
In base 11, what is 747635 + -124?
747511
In base 10, what is 96709725 - 3?
96709722
In base 14, what is -477685 + 38?
-47764b
In base 15, what is -601e0b + 5?
-601e06
In base 11, what is -541305 - -525?
-540890
In base 7, what is 1 - 5344606?
-5344605
In base 7, what is 52335354 - 4?
52335350
In base 16, what is -6b + 3a0598?
3a052d
In base 14, what is -3460 - -a835?
73b5
In base 4, what is -21 - -132002232?
132002211
In base 9, what is 2257465 + 60?
2257535
In base 15, what is 395cedd - 1a?
395cec3
In base 8, what is -614647643 + 2?
-614647641
In base 6, what is 154303003 + 244?
154303251
In base 10, what is -27977802 - -4?
-27977798
In base 6, what is -12544 + 104541?
51553
In base 3, what is 200212 + -1000012?
-22100
In base 5, what is -233143110 + -12?
-233143122
In base 11, what is 12a3 + -9264?
-7a71
In base 6, what is -1334002305 + 1?
-1334002304
In base 10, what is 5 + 4806922?
4806927
In base 7, what is 24450 - 1655302?
-1630522
In base 13, what is 5156b55 + 4?
5156b59
In base 3, what is 11001000120021011 - -12?
11001000120021100
In base 6, what is -5 + 3242401512?
3242401503
In base 11, what is -11 - -121211?
121200
In base 13, what is a3b24 - 20?
a3b04
In base 12, what is 19055194 - -2?
19055196
In base 9, what is -3833711 + -5?
-3833716
In base 10, what is 18300498 + -5?
18300493
In base 4, what is -120111 + 100011000?
33230223
In base 10, what is -277091079 - -4?
-277091075
In base 8, what is 14 - 36470320?
-36470304
In base 7, what is -101362051 - 434?
-101362515
In base 6, what is 4 - -54424525?
54424533
In base 9, what is 321211217 - 0?
321211217
In base 16, what is -139ca97 - -1?
-139ca96
In base 2, what is -1 + 11101001101100010001000?
11101001101100010000111
In base 3, what is 1102220222 - 21212211?
1011001011
In base 2, what is -1011001000110001110000101 - 10?
-1011001000110001110000111
In base 6, what is -4 - -413425043?
413425035
In base 13, what is c4 + -22715?
-22621
In base 12, what is 10a764b + 1?
10a7650
In base 13, what is 1126 + 884a?
9973
In base 16, what is -174b + 962?
-de9
In base 9, what is -6 - -6131544?
6131537
In base 13, what is -256 - -3ac2?
3869
In base 4, what is -2000230000333 - 3?
-2000230001002
In base 3, what is 1000200102011 - -1001?
1000200110012
In base 8, what is 43754052 - -4?
43754056
In base 13, what is 7474c + 17?
74766
In base 15, what is 11a21 + 226?
11c47
In base 16, what is 2 + -70e76b2?
-70e76b0
In base 12, what is 1 + 17a553b?
17a5540
In base 9, what is 162866 - -12?
162878
In base 16, what is -109 + 6d4a1?
6d398
In base 4, what is 1010331 - 130200122?
-123123131
In base 16, what is -4aae9 + -3b?
-4ab24
In base 9, what is -17766 + 25675?
6808
In base 13, what is -182843c - 3?
-1828442
In base 6, what is -2544250402 + 1?
-2544250401
In base 11, what is -28 - -87391?
87364
In base 10, what is -5 + 9958750?
9958745
In base 14, what is 6d - 167a512?
-167a483
In base 12, what is -241 + -25b0?
-2831
In base 10, what is 828009785 + 5?
828009790
In base 9, what is 10 - 1012414?
-1012404
In base 13, what is -7b31c - 296?
-7b5b5
In base 3, what is -1012012012001022 + 2102?
-1012012011221220
In base 2, what is 100000011 - -10001111001111011?
10001111101111110
In base 3, what is -121 + 200001210212210?
200001210212012
In base 4, what is -133201 - 212333?
-1012200
In base 12, what is 26b + -24499?
-2422a
In base 3, what is 102211221222112202 + 11?
102211221222112220
In base 5, what is 320 + 33424?
34244
In base 5, what is -1134222334 - 22?
-1134222411
In base 4, what is 12033 + 10331033?
11003132
In base 7, what is -13513300 + 2?
-13513265
In base 4, what is -10010 - -22022123?
22012113
In base 10, what is -30137 + -59?
-30196
In base 16, what is -c255 - a0?
-c2f5
In base 11, what is 4875298 + 5?
48752a2
In base 4, what is -2 - 31230112011121?
-31230112011123
In base 11, what is 2a37 + -2337a?
-20443
In base 8, what is 1 - -13545502?
13545503
In base 13, what is -13b - -1887?
1749
In base 4, what is 330221 - 310113?
20102
In base 11, what is -50 + 67471?
67421
In base 13, what is -217 - -b1431?
b1217
In base 12, what is -1720 + a57?
-885
In base 2, what is 10100111100000 - -10011001010?
10111010101010
In base 6, what is 31131204 - -413?
31132021
In base 15, what is 3c548 - -8?
3c551
In base 2, what is -10 - -11101100011001011011?
11101100011001011001
In base 11, what is 2 - -2689869?
2689870
In base 8, what is 637 + -1507670?
-1507031
In base 6, what is 205232105 + 1?
205232110
In base 4, what is -12 - 2131322112300?
-2131322112312
In base 3, what is -11101002021111002 + -12?
-11101002021111021
In base 2, what is -10001110011100000000011000 + -1011?
-10001110011100000000100011
In base 8, what is 32367647 + 112?
32367761
In base 12, what is 83a - 1904?
-1086
In base 2, what is 110110111011101011100001 + 101?
110110111011101011100110
In base 7, what is -3441042453 - 0?
-3441042453
In base 7, what is -12011230 + 42?
-12011155
In base 13, what is -1546 - a61c7?
-a7740
In base 10, what is -118152264 - -1?
-118152263
In base 10, what is 206555 - 773?
205782
In base 7, what is -12041503 + 3?
-12041500
In base 6, what is -134 - 2020541?
-2021115
In base 9, what is 1070566836 + 0?
1070566836
In base 9, what is -118768611 + 2?
-118768608
In base 5, what is 4240442112 - 4?
4240442103
In base 3, what is -20 + -201201121210010?
-201201121210100
In base 13, what is 0 - 59023714?
-59023714
In base 9, what is 4556276 + 4?
4556281
In base 10, what is -1074 + 25282?
24208
In base 14, what is -bac9 - 66?
-bb51
In base 8, what is -6 - 5074610?
-5074616
In base 5, what is -10 + 111214242?
111214232
In base 7, what is 23655114 - -15?
23655132
In base 11, what is a33a3 + 614?
a3a07
In base 3, what is 2001 - -111020120212?
111020122220
In base 6, what is -40141440 + -121?
-40142001
In base 8, what is 5 + 1474045542?
1474045547
In base 5, what is -341034004 + -41?
-341034100
In base 9, what is 27504 + 2707?
31312
In base 10, what is -11 + -3530265?
-3530276
In base 15, what is -84 + -55eda?
-5606e
In base 4, what is 1310 + 32110233?
32112203
In base 8, what is 630 + 10653420?
10654250
In base 15, what is 336634d + 1?
336634e
In base 6, what is 100143 - -1434?
102021
In base 9, what is 3 + -73345202?
-73345188
In base 16, what is -8 - -24b20e?
24b206
In base 11, what is -90174911 - -4?
-90174908
In base 16, what is 26329df + -1?
26329de
In base 10, what is -12696078 + -4?
-12696082
In base 2, what is 10111111010000011100011 - 1?
10111111010000011100010
In base 15, what is -269 + -1c9?
-443
In base 13, what is -19 - -20227c8?
20227ac
In base 2, what is -100010110110 + -1110101111001001?
-1111010001111111
In base 14, what is -17061 + 1?
-17060
In base 14, what is 3300a - 1521?
318c9
In base 13, what is -246a43 - a7?
-246b1a
In base 4, what is -121211 - 223220?
-1011031
In base 10, what is